he hundreds digit of (2/(g/(-7)))/(2/286)?
1
Let a = -11966 + 43094. What is the units digit of a?
8
Suppose 4*i + 5*w = -9, -4*w + 20 = -8*w. Let d be (2 - (i + -3)) + 27. What is the units digit of (-1)/1*d*(-84)/14?
8
Let m = 2794 + 13376. What is the hundreds digit of m?
1
What is the hundreds digit of (51 + -66)*7768/(-6)?
4
Suppose -5*w + 124100 = 3*b, 7*w - 4*w - 74466 = -3*b. What is the thousands digit of w?
4
Let s = 121 + -432. Let u = s + 376. What is the units digit of u?
5
Suppose 0 = -5*l - 3*l - 64. Let v be (-2)/l - (-177)/12. What is the tens digit of ((-83)/v - 1/(-3))*-15?
7
Let o be 21 + (-2 + 0)*(2 - 4). Let m be 254/10 - 10/o. Suppose 0 = 5*y + m, 2*p + 81 = -4*y + 291. What is the tens digit of p?
1
Let i(m) be the third derivative of 7/2*m**3 + 1/30*m**5 + 0 - 19/24*m**4 - 9*m**2 + 0*m. What is the tens digit of i(11)?
5
Suppose 5*i + r + 12312 = 0, -i - 19*r + 17*r - 2466 = 0. Let o = i + 4263. What is the units digit of o?
1
Let i(p) = -183*p + 102. Let h(j) = -91*j + 50. Let x(t) = 5*h(t) - 2*i(t). What is the hundreds digit of x(-5)?
4
Let b(l) = -l**2 + 0*l**2 + l + l - l - 6. Let f be b(-5). What is the tens digit of -3 - 9/(f/176)?
4
Suppose 0 = -61*d + 713174 + 1105724. What is the tens digit of d?
1
What is the hundreds digit of ((-16)/(-2))/((-382)/(-726946))?
2
Suppose 35*j = 38*j - 105. Suppose -j*x + 43*x - 6512 = 0. What is the units digit of x?
4
Let m be (39/6 + 1)*54. Let w = -124 + m. Suppose -w = -5*l - 56. What is the units digit of l?
5
Let j = -138 + 253. Suppose 0 = -4*a + 7 + 9. Suppose -a*l + j = l. What is the units digit of l?
3
Suppose 63 + 32 = -19*t. What is the tens digit of (-37 + t)/((-6)/20)?
4
Suppose u + 2*p - 48216 = 0, -22*p + 20*p = -4*u + 192894. What is the thousands digit of u?
8
Let r(f) = 36*f**3 - 350*f**2 - 31*f + 22. What is the ten thousands digit of r(13)?
1
Suppose 0 = -12*i + 421130 - 109118. What is the thousands digit of i?
6
Let k(p) = 30*p**2 - 13*p - 7. What is the thousands digit of k(12)?
4
Suppose -18743 - 15363 = -2*d + 12676. What is the tens digit of d?
9
Suppose 3*j + 10 = j, q + 5*j + 56 = 0. Let w = 27 + q. What is the tens digit of ((-30)/w)/(18/48)?
2
Let s(r) = -r**3 + 24*r**2 + 57*r - 155. What is the units digit of s(22)?
7
Suppose 8 = f + w, 3*f = -w + 22 - 6. Suppose -5*q - 2*z + 5670 = 0, 2*q - 1134 = q + 4*z. Suppose -f*n - 294 = -q. What is the units digit of n?
0
Let r(t) = -7*t - 24. Let x be r(23). Let a be (-5)/(50/4) + x/(-25). Suppose -4*n + a*n = c - 31, -3*c + 45 = 3*n. What is the units digit of c?
9
Let w = 17159 - 11688. What is the thousands digit of w?
5
Let t be 0/2 - (3 - 3). Suppose w - 3*n - 19 = t, 4*w + n - 4 = 7. Suppose -4*d = 12, -w*s - 3*d + 294 = -s. What is the tens digit of s?
0
Suppose -149 = -5*a - 2*k - k, 0 = -a + 4*k + 16. Let s = -24 + a. Suppose 3*w = s*w - 11. What is the tens digit of w?
1
Let y(d) = -d**2 - 4*d + 17. Let f be y(-6). Suppose -f*v = -0*v + 540. What is the tens digit of 3/(428/v + 4)?
8
Let r(l) = -477*l - 461. What is the thousands digit of r(-6)?
2
Suppose -9 = 5*z - 29. Suppose 4*q = -w + 18, 8*w - z*w = 5*q + 51. What is the units digit of w?
4
Suppose -5*v - l + 69 = -672, 4*v - l - 591 = 0. Suppose -760 = -2*s - v. Let z = -154 + s. What is the units digit of z?
2
Let o = -81583 - -121224. What is the ten thousands digit of o?
3
What is the hundreds digit of 19 - (11 + -22 + -32723)?
7
Let h = -1029 - -5361. What is the thousands digit of h?
4
Let r be (-24)/84 + (-16)/(-7). Suppose 0 = -3*v - u + 85, -v - 23 = -r*v + 5*u. Let o = 1 + v. What is the tens digit of o?
2
Let x(z) = z**3 + 10*z**2 + 15*z + 1. Suppose -a + 8 + 4 = 0. Let y be (-74)/a + (-22)/(-132). What is the units digit of x(y)?
5
Let i(p) = 2*p**3 - 182*p**2 - 460*p + 172. What is the hundreds digit of i(95)?
6
Let r = 145 - 136. Suppose -r*m + 1277 = -631. What is the tens digit of m?
1
Suppose -6 - 3 = -3*y. Suppose -y*q = q + 144. Let u = q + 56. What is the tens digit of u?
2
What is the units digit of (-11473118)/(-292) - ((-2)/(-3))/((-4)/(-3))?
1
Let l(q) = -2*q**2 - 2*q + 1323. Let j be l(0). Suppose -8*o + 349 = -j. Suppose 5*a = 171 + o. What is the tens digit of a?
7
Let h = 202 + -202. Suppose 0 = -3*q - 4*i + 1166, -1533 = -4*q - h*q - i. What is the units digit of q?
2
Let a(d) = d**3 - 2*d + 2824. Let v be a(0). What is the tens digit of v/44 - 18/99?
6
Let c = -9064 - -36450. What is the hundreds digit of c?
3
Suppose 0 = g + 13*g - 4074. Let f = 693 - g. What is the units digit of f?
2
Let k be ((3 + -6)/(-9))/(4/60). Suppose 0 = 3*p - 4 - k. Suppose p*t = 6*t - 18. What is the units digit of t?
6
Suppose 0 = 58*h - 53*h + 100. Let x(j) = 2*j**2 + 40*j + 2. Let p be x(h). Suppose -2*c + 196 = 2*t, p*t - 81 + 281 = 2*c. What is the units digit of c?
9
Let q(d) = -13*d**3 - 6*d**2 - 3*d - 46. What is the units digit of q(-11)?
4
What is the hundreds digit of (-15 - (9 - 28)) + (-1 - -15267) + -1?
2
Let b be (13/3)/(1 - (-25)/(-24)). Let d = b - -180. What is the tens digit of d?
7
Suppose -3*a + 291*b + 15858 = 288*b, -5*a = -3*b - 26444. What is the units digit of a?
3
What is the thousands digit of 252/(-28)*128848/(-24)?
8
Suppose 0 = -3*h - 8*m + 3*m + 43, -m = 5*h - 35. Let w(v) = 36*v - 170. What is the tens digit of w(h)?
4
Suppose 21*c = 20*c - 36. Let p = -48 - c. What is the units digit of (-243)/p - (-12)/16?
1
What is the tens digit of -2*(7681/(-2) + (-5 - -5))?
8
Let z(k) = 7*k + 41. Let r be z(12). Suppose -3*b = -304 - r. What is the units digit of b?
3
Let m(f) be the third derivative of 7*f**4/24 - 2*f**3 + 276*f**2. Let b be (2 - 1)*(1 - -7). What is the units digit of m(b)?
4
Let x be 1 + 1 - (-1 - -3). Let f be (-17 + 1)/(2 - 6). Suppose x = f*h + 4*p - 48, 0*p + p = -5*h + 76. What is the tens digit of h?
1
Suppose -3*t = 2*g - 5631, -17*g + 16*g = 5*t - 2812. Let i = -1504 + g. What is the tens digit of i?
1
Let a be (3050/15)/(-5)*-3. Let x = a + -28. Suppose -s = -x - 44. What is the tens digit of s?
3
Let u(i) = 10*i**2 + 8*i - 4. Let k(t) = -11*t**2 - 8*t + 5. Let z(y) = 4*k(y) + 5*u(y). Let n = 4 + -10. What is the units digit of z(n)?
8
Let o be (-8 + 224/20)*5. Suppose o*a = 22*a - 4296. What is the tens digit of a?
1
Let v(q) = 78*q**2 + 21*q - 8. What is the units digit of v(-8)?
6
Let v(g) = 157*g**2 + 38*g + 116. What is the tens digit of v(-9)?
9
Let z(l) = -l**2 - 180*l - 312. What is the hundreds digit of z(-94)?
7
Let c be (((-201)/(-4))/(-1))/((-18)/48). Let w = 175 - c. What is the units digit of w?
1
Let j(t) be the first derivative of -1/4*t**4 - 1/2*t**2 + 36 - 1/3*t**3 + 130*t. What is the hundreds digit of j(0)?
1
Let c(u) = -60*u**3 - 8*u**2 - 170*u - 176. What is the tens digit of c(-11)?
8
Suppose -c - t = -4 - 10, -4*c + 61 = 5*t. What is the units digit of 2/6 - (7 + (-4011)/c)?
9
Let m(a) = a**2 - 5*a + 2. Let l be m(5). Suppose 4*v = k + 2, 0*k = -4*k - l*v + 10. Suppose 4*d - 234 = -k*d. What is the units digit of d?
9
Let f(w) be the third derivative of w**5/5 + 35*w**4/24 + w**3/3 + 2*w**2 - 19. What is the units digit of f(-6)?
4
What is the ten thousands digit of 14250 - 3*(-4)/36*(-3 + 21)?
1
Let i(g) = 4*g**2 - 27*g - 17. Let r be ((-4)/(-6))/(-1) - 154/21. What is the tens digit of i(r)?
5
Suppose -10*x + 11*x - 3 = 0, 0 = -d - 5*x + 18. Suppose d*a - 7*a + 972 = 0. What is the units digit of a?
3
Let f(g) = g**2 - 39*g + 15. Let b be f(39). Suppose b*t + 648 = 51*t. What is the units digit of t?
8
Let j(k) = -4*k + 18*k + 4 + 1 - 1 - 1. Let d = -4 + 7. What is the units digit of j(d)?
5
Let g(y) = y**3 + 16*y**2 - 55*y + 315. What is the hundreds digit of g(20)?
6
What is the hundreds digit of 20/55 - 7/((-539)/208719)?
7
What is the tens digit of 10 - 3*25/15 - -2796?
0
Suppose 153*q + 5*t = 154*q - 66918, -q + 66918 = -2*t. What is the units digit of q?
8
Let b(v) = -6*v**3 - 5*v**2 - 5*v - 8. Suppose 15 = -4*y - 5. Let w be b(y). Let m = -367 + w. What is the units digit of m?
5
Let x be (-8)/(-60)*5 - (-44)/6. Suppose 0 = 65*f - 66*f + x. Suppose 4 + f = 3*w. What is the units digit of w?
4
Let n = 41764 + -28966. What is the tens digit of n?
9
Let f(u) = 69*u**2 - 9*u + 20. Let q be f(5). Suppose -15*s + 13*s + q = 2*a, a = -4*s + 853. Wha